rue
Is 394453693 a prime number?
False
Is 22013300011 composite?
True
Is 5919500219 a prime number?
True
Is 187154179 a prime number?
True
Is 2536783897 a prime number?
False
Is 42260961 a composite number?
True
Is 12083569319 prime?
False
Is 22562651 composite?
False
Is 6284492719 a composite number?
False
Is 588316349 a prime number?
False
Is 36236762843 prime?
False
Is 19499813663 a composite number?
True
Is 27926393491 a prime number?
False
Is 32130982187 a prime number?
False
Is 5493705299 composite?
True
Is 355795231 composite?
True
Is 4842042461 composite?
False
Is 2952705689 prime?
True
Is 1944250261 composite?
True
Is 118250551 a prime number?
False
Is 5383887263 a prime number?
True
Is 1121227583 composite?
True
Is 79091450087 composite?
True
Is 97191380839 composite?
True
Is 17204121899 composite?
False
Is 12970762697 prime?
False
Is 462471313 a composite number?
False
Is 2514786083 a prime number?
True
Is 27809066287 a composite number?
False
Is 3693006609 a composite number?
True
Is 13893292811 a prime number?
False
Is 27987802201 a prime number?
True
Is 2644935211 a prime number?
True
Is 79398469 composite?
True
Is 13155770749 prime?
False
Is 22930699607 a prime number?
True
Is 204207658991 a composite number?
True
Is 7984992331 a prime number?
True
Is 7623391 a prime number?
False
Is 2766992507 prime?
False
Is 5426077523 composite?
False
Is 20715042169 composite?
True
Is 64587511 a composite number?
False
Is 889862191 composite?
False
Is 23710679 composite?
True
Is 233828983 a prime number?
True
Is 867379 composite?
True
Is 20017249907 a prime number?
False
Is 171870399293 a composite number?
False
Is 4588418909 a composite number?
False
Is 3462048049 prime?
False
Is 121986404233 prime?
True
Is 8261457691 composite?
False
Is 26990654407 prime?
False
Is 1754777579 a prime number?
False
Is 406494081737 a composite number?
True
Is 7756832791 composite?
False
Is 135638677463 a composite number?
False
Is 4266663287 a composite number?
True
Is 164522886443 a composite number?
True
Is 13792382101 composite?
True
Is 37338398861 prime?
False
Is 1823085113 a composite number?
False
Is 83194109 prime?
False
Is 892227241 a prime number?
True
Is 16018366085 a prime number?
False
Is 1766503803 composite?
True
Is 7997784497 composite?
True
Is 72234882923 a prime number?
False
Is 7987075307 a composite number?
True
Is 847876397 a prime number?
False
Is 9013417513 a composite number?
True
Is 2294498053 a composite number?
True
Is 18264933809 prime?
False
Is 1706570759 a prime number?
False
Is 831917453 prime?
True
Is 3005475133 prime?
True
Is 231118673 a composite number?
False
Is 479398063 a prime number?
False
Is 775858541 composite?
False
Is 1637044751 composite?
True
Is 77634820523 a composite number?
True
Is 1575459791 prime?
False
Is 514316837 a prime number?
True
Is 99609051601 composite?
False
Is 11603330819 a composite number?
True
Is 2068279783 a composite number?
True
Is 9857583131 a prime number?
False
Is 6857068423 a composite number?
True
Is 2234586687 prime?
False
Is 182871599153 a composite number?
False
Is 47913839555 a composite number?
True
Is 142578383 a prime number?
False
Is 1781966609 a composite number?
False
Is 332034951685 composite?
True
Is 2895799183 a prime number?
True
Is 3164254211 a composite number?
True
Is 7356900679 a prime number?
True
Is 1129237021 a prime number?
False
Is 113340301021 a composite number?
True
Is 28490409661 prime?
False
Is 16638115327 a prime number?
True
Is 8738746129 composite?
True
Is 6974599111 a composite number?
False
Is 2112093227 a prime number?
False
Is 1200648731 a prime number?
False
Is 867296887 composite?
False
Is 682571819 prime?
False
Is 5457400339 a composite number?
True
Is 429493577 prime?
True
Is 416818547 a composite number?
True
Is 4369231721 a prime number?
True
Is 16263606533 prime?
False
Is 57685074631 prime?
True
Is 323112667 a prime number?
False
Is 8387442629 a prime number?
True
Is 23786329753 prime?
False
Is 24953875179 prime?
False
Is 676779263 a prime number?
False
Is 363528302 composite?
True
Is 5064040609 a composite number?
True
Is 82145837 a prime number?
False
Is 666695033 composite?
False
Is 42015716441 composite?
False
Is 8080594253 a prime number?
True
Is 2121677321 a prime number?
False
Is 5187171299 a composite number?
False
Is 37663486411 a composite number?
True
Is 12888324083 prime?
True
Is 45766864907 a prime number?
True
Is 796299983 a composite number?
False
Is 32293307615 a prime number?
False
Is 4854755809 a prime number?
True
Is 238950197 a prime number?
False
Is 15442936763 a prime number?
True
Is 81724886785 a composite number?
True
Is 19390500907 prime?
False
Is 6422017439 prime?
True
Is 117032501 composite?
False
Is 67164035329 a composite number?
True
Is 7673865743 prime?
False
Is 21959281059 composite?
True
Is 212179741 a composite number?
False
Is 654196913 a composite number?
True
Is 332231087 composite?
False
Is 462377941 a prime number?
True
Is 2853276031 a prime number?
False
Is 53024199266 prime?
False
Is 1240231801 composite?
True
Is 3352859311 a composite number?
True
Is 60770743699 a composite number?
True
Is 3107933711 composite?
False
Is 164394277 prime?
False
Is 1129268977 prime?
True
Is 6187965791 a composite number?
True
Is 5452644941 a prime number?
True
Is 11662771751 prime?
True
Is 1265004539 prime?
True
Is 1786142777 prime?
True
Is 1304042203 prime?
True
Is 15215852969 a composite number?
True
Is 1106737691 a prime number?
False
Is 23438396867 a composite number?
False
Is 380237267 a prime number?
True
Is 1086819383 composite?
True
Is 93052543 composite?
True
Is 6805443611 a composite number?
True
Is 1201470143 a composite number?
False
Is 16551382571 composite?
False
Is 24230381899 a prime number?
True
Is 4887501967 a composite number?
True
Is 136169417 a composite number?
True
Is 296395163 a composite number?
False
Is 1664922341 a prime number?
True
Is 1656073039 a prime number?
True
Is 75955685117 a prime number?
False
Is 860796434 a composite number?
True
Is 6306430829 prime?
True
Is 2297029019 a composite number?
False
Is 4298204611 prime?
True
Is 102244685435 a prime number?
False
Is 883822361 prime?
False
Is 140301107 composite?
False
Is 695350649 a composite number?
True
Is 135800387 a prime number?
False
Is 47811448987 composite?
True
Is 11965673897 a prime number?
False
Is 444481537 composite?
True
Is 19330033 a composite number?
False
Is 303649946485 a prime number?
False
Is 14241983401 a composite number?
False
Is 31773327899 composite?
False
Is 16761750347 a prime number?
True
Is 30345853013 a prime number?
False
Is 2851597447 a prime number?
False
Is 342539539 a composite number?
False
Is 56925569 a prime number?
False
Is 633800711 a composite number?
False
Is 359636091 a composite number?
True
Is 53077631 a prime number?
True
Is 21875415271 prime?
False
Is 3173703343 a composite number?
True
Is 287475449 prime?
False
Is 1051477573 prime?
True
Is 2273411279 a composite number?
False
Is 10489239777 a prime number?
False
Is 2010685853 a prime number?
False
Is 51005833 composite?
True
Is 69730515541 a prime number?
True
Is 20025854539 prime?
True
Is 112071175877 composite?
False
Is 761832593 a prime number?
False
Is 1156115533 a prime number?
True
Is 244699579 a prime number?
False
Is 393467897 composite?
False
Is 2958147301 a prime number?
True
Is 4269758149 prime?
False
Is 42458601 a prime number?
False
Is 3253057531 prime?
False
Is 1286427959 a composite number?
True
Is 1570268551 prime?
True
Is 11644401962 composite?
True
Is 220134871 composite?
True
Is 2253508339 a prime number?
True
Is 3474247291 a prime number?
True
Is 4616397859 composite?
True
Is 35043048385 composite?
True
Is 14023690619 composite?
False
Is 19464079071 prime?
False
Is 15949404511 a composite number?
False
Is 14012499491 a composite number?
False
Is 357850973 a composite number?
True
Is 23834049497 prime?
True
Is 3474773459 a prime number?
True
Is 1918364171 prime?
True
Is 2147383079 a composite number?
False
Is 1069363723 composite?
True
Is 17265089 a prime number?
True
Is 1062038578 a prime number?
False
Is 6743848511 composite?
True
Is 3224427289 a prime number?
True
Is 6527226443 composite?
False
Is 2923633046 composite?
Tr